{"id":1029,"date":"2020-08-04T05:41:15","date_gmt":"2020-08-04T10:41:15","guid":{"rendered":"https:\/\/ifcreddolac.org\/?page_id=1029"},"modified":"2024-09-15T22:40:04","modified_gmt":"2024-09-16T03:40:04","slug":"elaboracion-y-presentacion-de-articulos-cientificos-2","status":"publish","type":"page","link":"https:\/\/ifcreddolac.org\/?page_id=1029","title":{"rendered":"Elaboraci\u00f3n de Art\u00edculos Cient\u00edficos"},"content":{"rendered":"\n<p><\/p>\n\n\n\n<p class=\"has-text-align-center\"><a href=\"http:\/\/www.reddolac.org\"><img fetchpriority=\"high\" decoding=\"async\" width=\"250\" height=\"250\" class=\"wp-image-742\" style=\"width: 250px;\" src=\"https:\/\/ifcreddolac.org\/wp-content\/uploads\/2019\/12\/Logo-final.png\" alt=\"\" srcset=\"https:\/\/ifcreddolac.org\/wp-content\/uploads\/2019\/12\/Logo-final.png 500w, https:\/\/ifcreddolac.org\/wp-content\/uploads\/2019\/12\/Logo-final-300x300.png 300w, https:\/\/ifcreddolac.org\/wp-content\/uploads\/2019\/12\/Logo-final-150x150.png 150w\" sizes=\"(max-width: 250px) 100vw, 250px\" \/><\/a><\/p>\n\n\n\n<p class=\"has-text-align-center\"><a href=\"http:\/\/www.reddolac.org\">www.reddolac.org<\/a><\/p>\n\n\n\n<p class=\"has-text-align-center has-very-dark-gray-color has-vivid-cyan-blue-background-color has-text-color has-background\" style=\"font-size:25px\"><strong>Inicia 30 de septiembre<\/strong><\/p>\n\n\n\n<p><\/p>\n\n\n\n<p><\/p>\n\n\n\n<h6 class=\"wp-block-heading has-black-color has-text-color has-background has-link-color blue-message wp-elements-0742e645049046622e2aeaec6fc0d81a\" style=\"background:linear-gradient(135deg,rgb(122,220,180) 100%,rgb(0,208,130) 100%)\">Presentaci\u00f3n<\/h6>\n\n\n\n<p>El curso est\u00e1 dirigido a educadores y profesionales de las ciencias sociales interesados en publicar en revistas arbitradas e indexadas. El trabajo est\u00e1 orientado a formar a los investigadores en las pautas necesarias para la vinculaci\u00f3n con las bases de datos acad\u00e9micas y la estructuraci\u00f3n del art\u00edculo cient\u00edfico de acuerdo con las exigencias actuales de las revistas indexadas internacionales, a trav\u00e9s de ejercicios te\u00f3rico-pr\u00e1cticos que permitan construir un texto adecuadamente formulado.<\/p>\n\n\n\n<p>El participante debe contar con una propuesta de investigaci\u00f3n que contenga un contenido conceptual y metodol\u00f3gico que ya haya sido desarrollado (tesis, proyecto, revisi\u00f3n de tema, entre otros), sobre la cual, a trav\u00e9s del seguimiento tutorizado, se ir\u00e1 dando forma para generar una versi\u00f3n publicable de acuerdo con los est\u00e1ndares validados por las revistas indexadas.<\/p>\n\n\n\n<p>Importante tomar en cuenta que no es un curso de Redacci\u00f3n acad\u00e9mica, ya que el objetivo es proporcionar los aspectos y procesos necesarios para presentar un art\u00edculo publicable; sin embargo, antes de ser sometido a evaluaci\u00f3n se recomienda al autor su revisi\u00f3n.<\/p>\n\n\n\n<p>El curso est\u00e1 constituido por dos unidades te\u00f3ricas y dos unidades pr\u00e1cticas.<\/p>\n\n\n\n<h6 class=\"wp-block-heading has-black-color has-text-color has-background has-link-color blue-message wp-elements-c5e8fc95d9bb1dc891ee99524783f8dc\" style=\"background:linear-gradient(135deg,rgb(122,220,180) 100%,rgb(0,208,130) 100%)\">Informaci\u00f3n b\u00e1sica<\/h6>\n\n\n\n<ul>\n<li>Modalidad: Virtual<\/li>\n\n\n\n<li>Duraci\u00f3n: 04 semanas<\/li>\n\n\n\n<li>Certificaci\u00f3n por&nbsp;<strong>50 horas acad\u00e9micas avalado por el IFC-<a href=\"https:\/\/reddolac.org\/\">RedDOLAC<\/a><\/strong><\/li>\n\n\n\n<li>Requerimientos: Nociones b\u00e1sicas de Internet<\/li>\n\n\n\n<li>El curso es \u00edntegramente desarrollado en el Campus virtual de&nbsp;<a href=\"http:\/\/campus.ifcreddolac.org\/\">RedDOLAC<\/a> con tutor\u00edas as\u00edncronas y s\u00edncronas.<\/li>\n<\/ul>\n\n\n\n<h6 class=\"wp-block-heading has-black-color has-text-color has-background has-link-color blue-message wp-elements-a9874b93a89181ffa6cf2661b4fb4743\" style=\"background:linear-gradient(135deg,rgb(122,220,180) 100%,rgb(0,208,130) 100%)\">Requisitos<\/h6>\n\n\n\n<ul>\n<li>Se recomienda tener una idea o propuesta de art\u00edculo .<\/li>\n\n\n\n<li>Poseer experiencia b\u00e1sica en el uso y gesti\u00f3n de Google Drive<\/li>\n\n\n\n<li>Disponer de un correo Gmail, ya que parte del proceso de elaboraci\u00f3n se realizar\u00e1 a trav\u00e9s de un documento de Google compartido con la tutora.<\/li>\n\n\n\n<li>Organizar su tiempo para cumplir con las actividades que se propongan en el desarrollo del curso.<\/li>\n<\/ul>\n\n\n\n<h6 class=\"wp-block-heading has-black-color has-text-color has-background has-link-color blue-message wp-elements-483feb3afd29c5ee32d9ef653bf9ad87\" style=\"background:linear-gradient(135deg,rgb(122,220,180) 100%,rgb(0,208,130) 100%)\">Tutora Virtual<\/h6>\n\n\n\n<figure class=\"wp-block-image size-full is-resized\"><img decoding=\"async\" width=\"987\" height=\"987\" src=\"https:\/\/ifcreddolac.org\/wp-content\/uploads\/2024\/09\/RedDOLAC.jpg\" alt=\"\" class=\"wp-image-1730\" style=\"width:205px;height:auto\" srcset=\"https:\/\/ifcreddolac.org\/wp-content\/uploads\/2024\/09\/RedDOLAC.jpg 987w, https:\/\/ifcreddolac.org\/wp-content\/uploads\/2024\/09\/RedDOLAC-300x300.jpg 300w, https:\/\/ifcreddolac.org\/wp-content\/uploads\/2024\/09\/RedDOLAC-150x150.jpg 150w, https:\/\/ifcreddolac.org\/wp-content\/uploads\/2024\/09\/RedDOLAC-768x768.jpg 768w, https:\/\/ifcreddolac.org\/wp-content\/uploads\/2024\/09\/RedDOLAC-600x600.jpg 600w\" sizes=\"(max-width: 987px) 100vw, 987px\" \/><\/figure>\n\n\n\n<h6 class=\"wp-block-heading\">Dra. Mar\u00eda Gisela Escobar<\/h6>\n\n\n\n<p>Profesora delaUniversidadMetropolitanadeVenezuela.Docentetitular de la Universidad de Los \u00c1ndes en M\u00e9rida, Venezuela. Doctora en Psicolog\u00eda Social por la Universidad Aut\u00f3noma de Barcelona, Magister Scientae en Psicolog\u00eda Social por la Universidad Sim\u00f3n Bolivar y Licenciada en Psicolog\u00eda por la Universidad Central de Venezuela.<\/p>\n\n\n\n<h6 class=\"wp-block-heading has-black-color has-text-color has-background has-link-color blue-message wp-elements-35433b12a99d0ebcaffb3786e6054e8f\" style=\"background:linear-gradient(135deg,rgb(122,220,180) 100%,rgb(0,208,130) 100%)\">Sinopsis del contenido<\/h6>\n\n\n\n<h6 class=\"wp-block-heading has-black-color has-very-light-gray-to-cyan-bluish-gray-gradient-background has-text-color has-background has-link-color red-message wp-elements-915391c64be97a2b13eea67461d4d303\"><strong>M\u00f3dulo 1. Generalidades de los art\u00edculos cient\u00edficos<\/strong><\/h6>\n\n\n\n<ul>\n<li>Qu\u00e9 es un art\u00edculo cient\u00edfico.<\/li>\n\n\n\n<li>Tipos de art\u00edculos cient\u00edficos: investigaciones aplicadas\/revisiones te\u00f3ricas<br>\/revisiones metodol\u00f3gicas (estado del arte) \/ ensayos y rese\u00f1as<br>Tipos de revista. Tipos de Indexaci\u00f3n<br>Criterios de indexaci\u00f3n usuales en pa\u00edses de Am\u00e9rica Latina<br>Indicadores seg\u00fan est\u00e1ndares internacionales y nacionales<br>Bases de datos<\/li>\n\n\n\n<li>Bases de datos de acceso abierto y por suscripci\u00f3n.<\/li>\n\n\n\n<li>Criterios de selecci\u00f3n de la revista para su publicaci\u00f3n<\/li>\n\n\n\n<li>Las normas de escritura APA, Vancouver, Chicago y otras.<\/li>\n<\/ul>\n\n\n\n<p><strong>M\u00f3dulo 2: Estructurando la introducci\u00f3n del art\u00edculo cient\u00edfico.<\/strong><\/p>\n\n\n\n<h6 class=\"wp-block-heading has-black-color has-very-light-gray-to-cyan-bluish-gray-gradient-background has-text-color has-background has-link-color red-message wp-elements-ae15fa4d428434b873b5afa3b013e228\"><strong><strong>M\u00f3dulo 2: Estructurando la introducci\u00f3n del art\u00edculo cient\u00edfico<\/strong><\/strong><\/h6>\n\n\n\n<ul id=\"block-876ca0ba-6b0c-4161-96ea-e5ac519b1a05\">\n<li>La organizaci\u00f3n conocida como IMRYD para la estructuraci\u00f3n de los art\u00edculos.<\/li>\n\n\n\n<li>La escritura de la introducci\u00f3n y definici\u00f3n del objetivo<\/li>\n\n\n\n<li>La contextualizaci\u00f3n del tema<\/li>\n\n\n\n<li>Las referencias te\u00f3ricas y emp\u00edricas<\/li>\n<\/ul>\n\n\n\n<h6 class=\"wp-block-heading has-black-color has-very-light-gray-to-cyan-bluish-gray-gradient-background has-text-color has-background has-link-color red-message wp-elements-3d93bbe8ad7ceb7ac8f712df1c5010b2\"><strong><strong><strong>M\u00f3dulo 3: Estructurando la articulaci\u00f3n entre la introducci\u00f3n, el m\u00e9todo y los resultados<\/strong><\/strong><\/strong><\/h6>\n\n\n\n<ul>\n<li>Especificaci\u00f3n del m\u00e9todo.<\/li>\n\n\n\n<li>Formatos metodol\u00f3gicos que diferencian el art\u00edculo en investigaci\u00f3n cuantitativa,<\/li>\n\n\n\n<li>cualitativa y mixta \/ te\u00f3rica y aplicada<\/li>\n\n\n\n<li>Formato de presentaci\u00f3n de los resultados de la investigaci\u00f3n<\/li>\n<\/ul>\n\n\n\n<h6 class=\"wp-block-heading has-black-color has-very-light-gray-to-cyan-bluish-gray-gradient-background has-text-color has-background has-link-color red-message wp-elements-49575e04bfadf0692357811e7454f5ce\"><strong><strong><strong>M\u00f3dulo 4: <\/strong><\/strong><\/strong>Desarrollando la discusi\u00f3n y conclusiones<\/h6>\n\n\n\n<ul>\n<li>Como presentar la discusi\u00f3n de resultados y elaborar conclusiones<\/li>\n\n\n\n<li>Las referencias bibliogr\u00e1ficas<\/li>\n\n\n\n<li>Elaboraci\u00f3n del resumen<\/li>\n\n\n\n<li>Claves para la elecci\u00f3n del t\u00edtulo<\/li>\n\n\n\n<li>Qu\u00e9 esperar del proceso de arbitraje. Revisi\u00f3n por pares externos \/ doble ciego<\/li>\n<\/ul>\n\n\n\n<h6 class=\"wp-block-heading has-black-color has-text-color has-background has-link-color blue-message wp-elements-8829b59d8577211a0470d9700c4e2b44\" style=\"background:linear-gradient(135deg,rgb(122,220,180) 100%,rgb(0,208,130) 100%)\">Metodolog\u00eda<\/h6>\n\n\n\n<p>Dado que el 100% de los participantes en nuestros cursos son docentes universitarios de diversos pa\u00edses, con horarios y responsabilidades laborales heterog\u00e9neos, hemos dise\u00f1ado el curso con una metodolog\u00eda que asegura la flexibilidad necesaria para equilibrar su formaci\u00f3n acad\u00e9mica con sus compromisos profesionales. El curso se implementa mediante una combinaci\u00f3n estrat\u00e9gica de actividades sincr\u00f3nicas, como sesiones de videoconferencia, y actividades asincr\u00f3nicas, gestionadas a trav\u00e9s de un campus virtual disponible las 24 horas del d\u00eda. Esta estructura permite a los participantes avanzar a su propio ritmo, mientras reciben un acompa\u00f1amiento continuo y personalizado de la docente tutora, lo que garantiza una experiencia formativa integral y de alta calidad.<\/p>\n\n\n\n<p>En caso de que alguno de los participantes no pueda asistir a una sesi\u00f3n en vivo debido a sus compromisos laborales, todas las videoconferencias ser\u00e1n grabadas y estar\u00e1n disponibles en el aula virtual, asegurando as\u00ed que nadie pierda contenidos clave. Es esencial mantener una comunicaci\u00f3n constante con la docente tutora para un adecuado seguimiento del progreso acad\u00e9mico. Para facilitar esta interacci\u00f3n, el curso ofrece tres canales de comunicaci\u00f3n: el aula virtual, las sesiones de videoconferencia y un grupo exclusivo de WhatsApp, promoviendo una conexi\u00f3n \u00e1gil y efectiva entre todos los participantes. Esta metodolog\u00eda busca no solo adaptar la formaci\u00f3n a las necesidades individuales, sino tambi\u00e9n crear un espacio colaborativo y motivador que impulse el aprendizaje y la mejora continua.<\/p>\n\n\n\n<p><\/p>\n\n\n\n<h6 class=\"wp-block-heading has-black-color has-text-color has-background has-link-color blue-message wp-elements-b4684f48b11a2011b358aa0a00cea677\" style=\"background:linear-gradient(135deg,rgb(122,220,180) 100%,rgb(0,208,130) 100%)\">Evaluaci\u00f3n<\/h6>\n\n\n\n<p>La evaluaci\u00f3n se realiza a trav\u00e9s de cuatro avances acumulativos de la escritura del borrador, siendo el producto final la integraci\u00f3n de las entregas anteriores, con la expectativa de generar el borrador de un art\u00edculo bien estructurado.<\/p>\n\n\n\n<p>Dichas entregas son presentadas en el aula virtual de Reddolac, recibiendo el participante su correspondiente calificaci\u00f3n num\u00e9rica y retroalimentaci\u00f3n cualitativa para continuar con el proceso.<\/p>\n\n\n\n<p>El sistema de calificaci\u00f3n es del 1 a 5 puntos en cada entrega, cada una con un 25% de ponderaci\u00f3n sobre la calificaci\u00f3n final.<\/p>\n\n\n\n<p>La nota aprobatoria es de 3 puntos, requisito indispensable para obtener el certificado de asistencia.<\/p>\n\n\n\n<h6 class=\"wp-block-heading has-black-color has-text-color has-background has-link-color blue-message wp-elements-9a380657682013e7939746625545793f\" style=\"background:linear-gradient(135deg,rgb(122,220,180) 100%,rgb(0,208,130) 100%)\">Proceso de  inscripci\u00f3n<\/h6>\n\n\n\n<h6 class=\"wp-block-heading\"><strong>Costo del curso: $59&nbsp; D\u00f3lares americanos<\/strong>   \/   S\/. 236 soles<\/h6>\n\n\n\n<p><strong>Realice el pago del curso&nbsp;eligiendo una de las siguientes opciones:<\/strong><\/p>\n\n\n\n<figure class=\"wp-block-image size-full is-resized\"><img decoding=\"async\" width=\"951\" height=\"93\" src=\"https:\/\/ifcreddolac.org\/wp-content\/uploads\/2024\/01\/Barra.png\" alt=\"\" class=\"wp-image-1588\" style=\"width:435px;height:auto\" srcset=\"https:\/\/ifcreddolac.org\/wp-content\/uploads\/2024\/01\/Barra.png 951w, https:\/\/ifcreddolac.org\/wp-content\/uploads\/2024\/01\/Barra-300x29.png 300w, https:\/\/ifcreddolac.org\/wp-content\/uploads\/2024\/01\/Barra-768x75.png 768w\" sizes=\"(max-width: 951px) 100vw, 951px\" \/><\/figure>\n\n\n\n<p><strong>1\u00b0 Opci\u00f3n:&nbsp;<\/strong>Por Paypal al correo&nbsp;<a href=\"mailto:reddolac@gmail.com\" target=\"_blank\" rel=\"noreferrer noopener\">reddolac@gmail.com<\/a>&nbsp;o usando el v\u00ednculo:&nbsp;<a href=\"https:\/\/paypal.me\/reddolac\/59\" data-type=\"link\" data-id=\"https:\/\/paypal.me\/reddolac\/59\">https:\/\/paypal.me\/reddolac\/59<\/a><\/p>\n\n\n\n<p><strong>2\u00b0 Opci\u00f3n:<\/strong>&nbsp; &nbsp;Pago seguro con Tarjeta de Cr\u00e9dito&nbsp; &nbsp;<a href=\"https:\/\/pagolink.niubiz.com.pe\/pagoseguro\/REDDOLAC\/905743\" target=\"_blank\" rel=\"noreferrer noopener\">https:\/\/pagolink.niubiz.com.pe\/pagoseguro\/REDDOLAC\/905743<\/a><\/p>\n\n\n\n<p><strong>3\u00b0 Opci\u00f3n:<\/strong>&nbsp;(Solo para PER\u00da \u2013 Banco de Cr\u00e9dito del Per\u00fa) .&nbsp;&nbsp;<\/p>\n\n\n\n<ul>\n<li><strong>&nbsp;(Solo para Per\u00fa)<\/strong><\/li>\n\n\n\n<li><strong>YAPE:&nbsp;952 283 412<\/strong>&nbsp;<\/li>\n\n\n\n<li>Cuenta en soles: BCP \u2013 310-91934502-0-24&nbsp; &nbsp;\/&nbsp; &nbsp;&nbsp;CCI: 002-31019193450202412<\/li>\n\n\n\n<li>Cuenta en soles: BCP \u2013 310-02630806-0-72&nbsp; \/&nbsp; &nbsp;&nbsp;CCI: 00231010263080607216<\/li>\n\n\n\n<li>Cuenta en d\u00f3lares: BCP \u2013 310-90373308-1-61&nbsp; \/&nbsp; &nbsp;CCI: 00231019037330816110<\/li>\n\n\n\n<li>Cuenta en d\u00f3lares: BCP \u2013 310-24030984-1-13&nbsp; &nbsp;\/&nbsp;&nbsp;CCI: 00231012403098411319<br>&nbsp;Beneficiario: IFC- RedDOLAC<\/li>\n<\/ul>\n\n\n\n<h6 class=\"wp-block-heading has-black-color has-text-color has-background has-link-color blue-message wp-elements-fb46baf6b7662aa930cf1cc4e8f7df8f\" style=\"background:linear-gradient(135deg,rgb(122,220,180) 100%,rgb(0,208,130) 100%)\">REGISTRO DE PAGO E INSCRIPCI\u00d3N<\/h6>\n\n\n\n<p>Luego de realizar el pago, ingrese a nuestro&nbsp;<a rel=\"noreferrer noopener\" href=\"https:\/\/forms.gle\/cQVfND52NxcJ5hS26\" target=\"_blank\"><strong>&nbsp; formulario de registro en l\u00ednea<\/strong><\/a>&nbsp; &nbsp;y siga las instrucciones que all\u00ed se detallan.<\/p>\n\n\n\n<p class=\"has-vivid-cyan-blue-background-color has-background has-medium-font-size\"><strong>Solicite mayor informaci\u00f3n<\/strong><\/p>\n\n\n<div class=\"wpforms-container wpforms-container-full wpforms-block wpforms-block-d4884e68-3436-4798-bfb6-fa2c5e0164ba\" id=\"wpforms-665\"><form id=\"wpforms-form-665\" class=\"wpforms-validate wpforms-form\" data-formid=\"665\" method=\"post\" enctype=\"multipart\/form-data\" action=\"\/index.php?rest_route=%2Fwp%2Fv2%2Fpages%2F1029\" data-token=\"919877634b7022fd760498213945bf48\"><noscript class=\"wpforms-error-noscript\">Please enable JavaScript in your browser to complete this form.<\/noscript><div class=\"wpforms-field-container\"><div id=\"wpforms-665-field_0-container\" class=\"wpforms-field wpforms-field-name\" data-field-id=\"0\"><label class=\"wpforms-field-label\" for=\"wpforms-665-field_0\">Nombre y apellido <span class=\"wpforms-required-label\">*<\/span><\/label><input type=\"text\" id=\"wpforms-665-field_0\" class=\"wpforms-field-medium wpforms-field-required\" name=\"wpforms[fields][0]\" required><\/div><div id=\"wpforms-665-field_1-container\" class=\"wpforms-field wpforms-field-email\" data-field-id=\"1\"><label class=\"wpforms-field-label\" for=\"wpforms-665-field_1\">Correo electr\u00f3nico <span class=\"wpforms-required-label\">*<\/span><\/label><input type=\"email\" id=\"wpforms-665-field_1\" class=\"wpforms-field-medium wpforms-field-required\" name=\"wpforms[fields][1]\" spellcheck=\"false\" required><\/div><div id=\"wpforms-665-field_2-container\" class=\"wpforms-field wpforms-field-textarea\" data-field-id=\"2\"><label class=\"wpforms-field-label\" for=\"wpforms-665-field_2\">Mensaje <span class=\"wpforms-required-label\">*<\/span><\/label><textarea id=\"wpforms-665-field_2\" class=\"wpforms-field-medium wpforms-field-required\" name=\"wpforms[fields][2]\" required><\/textarea><\/div><\/div><!-- .wpforms-field-container --><div class=\"wpforms-field wpforms-field-hp\"><label for=\"wpforms-665-field-hp\" class=\"wpforms-field-label\">Email<\/label><input type=\"text\" name=\"wpforms[hp]\" id=\"wpforms-665-field-hp\" class=\"wpforms-field-medium\"><\/div><div class=\"wpforms-submit-container\" ><input type=\"hidden\" name=\"wpforms[id]\" value=\"665\"><input type=\"hidden\" name=\"wpforms[author]\" value=\"1\"><button type=\"submit\" name=\"wpforms[submit]\" id=\"wpforms-submit-665\" class=\"wpforms-submit\" data-alt-text=\"Enviando...\" data-submit-text=\"Enviar solicitud\" aria-live=\"assertive\" value=\"wpforms-submit\">Enviar solicitud<\/button><\/div><\/form><\/div>  <!-- .wpforms-container -->","protected":false},"excerpt":{"rendered":"<p>www.reddolac.org Inicia 30 de septiembre Presentaci\u00f3n El curso est\u00e1 dirigido a educadores y profesionales de las ciencias sociales interesados en publicar en revistas arbitradas e indexadas. El trabajo est\u00e1 orientado a formar a los investigadores en las pautas necesarias para la vinculaci\u00f3n con las bases de datos acad\u00e9micas y la estructuraci\u00f3n del art\u00edculo cient\u00edfico de [&hellip;]<\/p>\n","protected":false},"author":1,"featured_media":1728,"parent":0,"menu_order":0,"comment_status":"closed","ping_status":"closed","template":"","meta":{"_eb_attr":"","_uag_custom_page_level_css":"","ub_ctt_via":"","advgb_blocks_editor_width":"","advgb_blocks_columns_visual_guide":"","_joinchat":[],"footnotes":""},"featured_image_src":"https:\/\/ifcreddolac.org\/wp-content\/uploads\/2024\/09\/EAC-1-600x400.jpg","featured_image_src_square":"https:\/\/ifcreddolac.org\/wp-content\/uploads\/2024\/09\/EAC-1-600x600.jpg","uagb_featured_image_src":{"full":["https:\/\/ifcreddolac.org\/wp-content\/uploads\/2024\/09\/EAC-1.jpg",1151,764,false],"thumbnail":["https:\/\/ifcreddolac.org\/wp-content\/uploads\/2024\/09\/EAC-1-150x150.jpg",150,150,true],"medium":["https:\/\/ifcreddolac.org\/wp-content\/uploads\/2024\/09\/EAC-1-300x199.jpg",300,199,true],"medium_large":["https:\/\/ifcreddolac.org\/wp-content\/uploads\/2024\/09\/EAC-1-768x510.jpg",768,510,true],"large":["https:\/\/ifcreddolac.org\/wp-content\/uploads\/2024\/09\/EAC-1-1024x680.jpg",812,539,true],"1536x1536":["https:\/\/ifcreddolac.org\/wp-content\/uploads\/2024\/09\/EAC-1.jpg",1151,764,false],"2048x2048":["https:\/\/ifcreddolac.org\/wp-content\/uploads\/2024\/09\/EAC-1.jpg",1151,764,false],"ab-block-post-grid-landscape":["https:\/\/ifcreddolac.org\/wp-content\/uploads\/2024\/09\/EAC-1-600x400.jpg",600,400,true],"ab-block-post-grid-square":["https:\/\/ifcreddolac.org\/wp-content\/uploads\/2024\/09\/EAC-1-600x600.jpg",600,600,true]},"uagb_author_info":{"display_name":"admin","author_link":"https:\/\/ifcreddolac.org\/?author=1"},"uagb_comment_info":0,"uagb_excerpt":"www.reddolac.org Inicia 30 de septiembre Presentaci\u00f3n El curso est\u00e1 dirigido a educadores y profesionales de las ciencias sociales interesados en publicar en revistas arbitradas e indexadas. El trabajo est\u00e1 orientado a formar a los investigadores en las pautas necesarias para la vinculaci\u00f3n con las bases de datos acad\u00e9micas y la estructuraci\u00f3n del art\u00edculo cient\u00edfico de&hellip;","coauthors":[],"author_meta":{"author_link":"https:\/\/ifcreddolac.org\/?author=1","display_name":"admin"},"relative_dates":{"created":"Posted 6 a\u00f1os ago","modified":"Updated 2 a\u00f1os ago"},"absolute_dates":{"created":"Posted on 04\/08\/2020","modified":"Updated on 15\/09\/2024"},"absolute_dates_time":{"created":"Posted on 04\/08\/2020 5:41 AM","modified":"Updated on 15\/09\/2024 10:40 PM"},"featured_img_caption":"","featured_img":"https:\/\/ifcreddolac.org\/wp-content\/uploads\/2024\/09\/EAC-1.jpg","series_order":"","_links":{"self":[{"href":"https:\/\/ifcreddolac.org\/index.php?rest_route=\/wp\/v2\/pages\/1029"}],"collection":[{"href":"https:\/\/ifcreddolac.org\/index.php?rest_route=\/wp\/v2\/pages"}],"about":[{"href":"https:\/\/ifcreddolac.org\/index.php?rest_route=\/wp\/v2\/types\/page"}],"author":[{"embeddable":true,"href":"https:\/\/ifcreddolac.org\/index.php?rest_route=\/wp\/v2\/users\/1"}],"replies":[{"embeddable":true,"href":"https:\/\/ifcreddolac.org\/index.php?rest_route=%2Fwp%2Fv2%2Fcomments&post=1029"}],"version-history":[{"count":41,"href":"https:\/\/ifcreddolac.org\/index.php?rest_route=\/wp\/v2\/pages\/1029\/revisions"}],"predecessor-version":[{"id":1790,"href":"https:\/\/ifcreddolac.org\/index.php?rest_route=\/wp\/v2\/pages\/1029\/revisions\/1790"}],"wp:featuredmedia":[{"embeddable":true,"href":"https:\/\/ifcreddolac.org\/index.php?rest_route=\/wp\/v2\/media\/1728"}],"wp:attachment":[{"href":"https:\/\/ifcreddolac.org\/index.php?rest_route=%2Fwp%2Fv2%2Fmedia&parent=1029"}],"curies":[{"name":"wp","href":"https:\/\/api.w.org\/{rel}","templated":true}]}}