{"id":784,"date":"2020-01-10T15:27:40","date_gmt":"2020-01-10T15:27:40","guid":{"rendered":"https:\/\/ifcreddolac.org\/?page_id=784"},"modified":"2023-04-19T10:58:16","modified_gmt":"2023-04-19T15:58:16","slug":"metodologia-de-investigacion-cualitativa-para-educacion-y-ciencias-sociales-nivel-2","status":"publish","type":"page","link":"https:\/\/ifcreddolac.org\/?page_id=784","title":{"rendered":"Metodolog\u00eda de Investigaci\u00f3n Cualitativa para Educaci\u00f3n y Ciencias Sociales. Nivel 2"},"content":{"rendered":"\n<p class=\"has-text-align-center has-vivid-green-cyan-background-color has-background has-medium-font-size\"><strong>Inicia el Lunes 08 de mayo 2023<\/strong><\/p>\n\n\n\n<p><\/p>\n\n\n\n<p><\/p>\n\n\n\n<h3 class=\"wp-block-heading\">Presentaci\u00f3n<\/h3>\n\n\n\n<p>El curso de Metodolog\u00eda cualitativa 2, tiene como objetivo profundizar en las competencias de investigaci\u00f3n cualitativa b\u00e1sica, combinando contenidos te\u00f3ricos y estrategias pr\u00e1cticas, a trav\u00e9s de un seguimiento tutorizado de la investigaci\u00f3n propuesta. En este nivel, nos enfocaremos a aspectos particulares como la definici\u00f3n del paradigma cualitativo, delimitaci\u00f3n de objetivos y categor\u00edas deductivas, criterios de muestreo, construcci\u00f3n de instrumentos confiables y haremos un ensayo de aplicaci\u00f3n del instrumento y de an\u00e1lisis de datos de acuerdo a la propuesta en elaboraci\u00f3n.<\/p>\n\n\n\n<h3 class=\"wp-block-heading\">Requisitos<\/h3>\n\n\n\n<ul><li>Profesionales y\/o estudiantes de Maestr\u00eda, Doctorado y Posdoctorado.<\/li><li>Autoridades educativas o Investigadores interesados en afianzar sus conocimientos de investigaci\u00f3n cualitativa.<\/li><li>Docentes RedDOLAC que aprobaron el curso de investigaci\u00f3n cualitativa &#8211; Nivel 1.<\/li><\/ul>\n\n\n\n<h3 class=\"wp-block-heading\">Objetivo<\/h3>\n\n\n\n<p>El objetivo del curso de Metodolog\u00eda cualitativa II lograr que los participantes que hayan cursado el nivel I o tengan competencias b\u00e1sicas en metodolog\u00eda cualitativa adquirida en estudios de doctorado, profundicen en las t\u00e9cnicas e instrumentos de recolecci\u00f3n de datos y apliquen las t\u00e9cnicas cualitativas de an\u00e1lisis de informaci\u00f3n.<\/p>\n\n\n\n<h3 class=\"wp-block-heading\">Estrategia<\/h3>\n\n\n\n<p>El curso se desarrolla dentro de un campus virtual con acceso las 24 horas del d\u00eda. La metodolog\u00eda con la que se desarrolla est\u00e1 basada en actividades s\u00edncronas (aula virtual) y as\u00edncronas (videoconferencias online), ambas con el acompa\u00f1amiento permanente del docente tutor del curso. Adem\u00e1s de las actividades dentro del campus virtual, tendr\u00e1 cinco (05) encuentros online con el tutor. El primer encuentro es el primer d\u00eda en la que el docente presentar\u00e1 el curso y explicar\u00e1 la metodolog\u00eda y los otros cuatro encuentros son las tutor\u00edas online de fin de semana. Si por su trabajo no pudiera participar en alguna de las sesiones online, todos los videos de las sesiones online quedar\u00e1n grabadas dentro del aula virtual del curso. Es una metodolog\u00eda dise\u00f1ada exclusivamente para que ning\u00fan participante tenga dificultades con sus horarios de trabajo.<\/p>\n\n\n\n<h3 class=\"wp-block-heading\">Informaci\u00f3n b\u00e1sica<\/h3>\n\n\n\n<ul><li>Modalidad: Virtual<\/li><li>Duraci\u00f3n: 04 semanas<\/li><li>Certificaci\u00f3n por&nbsp;<strong>50 horas acad\u00e9micas avalado por&nbsp;<\/strong>el INSTITUTO DE FORMACI\u00d3N CONTINUA DE REDDOLAC (IFC-RedDOLAC)<\/li><li>Requerimientos: Nociones b\u00e1sicas de Internet<\/li><li>El curso es \u00edntegramente desarrollado en el Campus&nbsp;<a href=\"http:\/\/campus.ifcreddolac.org\/\">RedDOLAC<\/a><\/li><\/ul>\n\n\n\n<h3 class=\"wp-block-heading\">Tutora virtual<\/h3>\n\n\n\n<figure class=\"wp-block-image size-large\"><img fetchpriority=\"high\" decoding=\"async\" width=\"302\" height=\"302\" src=\"https:\/\/ifcreddolac.org\/wp-content\/uploads\/2023\/03\/Dra.-Maria-modified.png\" alt=\"\" class=\"wp-image-1383\" srcset=\"https:\/\/ifcreddolac.org\/wp-content\/uploads\/2023\/03\/Dra.-Maria-modified.png 302w, https:\/\/ifcreddolac.org\/wp-content\/uploads\/2023\/03\/Dra.-Maria-modified-300x300.png 300w, https:\/\/ifcreddolac.org\/wp-content\/uploads\/2023\/03\/Dra.-Maria-modified-150x150.png 150w\" sizes=\"(max-width: 302px) 100vw, 302px\" \/><\/figure>\n\n\n\n<h4 class=\"wp-block-heading\">Dra. Mar\u00eda Gisela Escobar<\/h4>\n\n\n\n<p><strong>Profesora titular de la Universidad de Los Andes<\/strong>&nbsp;en M\u00e9rida, Venezuela. Doctora en Psicolog\u00eda Social por la Universidad Aut\u00f3noma de Barcelona, Magister&nbsp; Scientae en Psicolog\u00eda Social por la Universidad Sim\u00f3n Bol\u00edvar&nbsp; y Licenciada en Psicolog\u00eda por la Universidad Central de Venezuela. Es investigadora social reconocida en organismos nacionales e internacionales y ha publicado diversos art\u00edculos bajo el enfoque cualitativo en revistas cient\u00edficas internacionales<\/p>\n\n\n\n<h3 class=\"wp-block-heading\">Sinopsis del contenido<\/h3>\n\n\n\n<p><strong>UNIDAD 1: Fortaleciendo el paradigma cualitativo<\/strong><br>En este m\u00f3dulo se trabajar\u00e1 en el fortalecimiento de la base epistemol\u00f3gica de la metodolog\u00eda cualitativa y se presentar\u00e1n algunos paradigmas cualitativos, como el cr\u00edtico, interpretativo y el sist\u00e9mico, lo cual permitir\u00e1 sustentar al investigador, de manera firme, por qu\u00e9 es pertinente este enfoque para abordar sus intereses de investigaci\u00f3n.<br>Se presentar\u00e1 y justificar\u00e1 el problema, objetivos, m\u00e9todo seleccionado y la muestra en estudio.<\/p>\n\n\n\n<p><strong>UNIDAD 2: Construcci\u00f3n del\/los instrumentos de recolecci\u00f3n de datos<\/strong><br>En esta unidad se trabajar\u00e1 con la construcci\u00f3n del instrumento de recolecci\u00f3n adecuado a la elecci\u00f3n del m\u00e9todo. Se explicar\u00e1 en que consiste el juicio de expertos como t\u00e9cnica de confiabilidad cualitativa y se aplicar\u00e1 el instrumento en una muestra piloto<\/p>\n\n\n\n<p><strong>UNIDAD 3: An\u00e1lisis de datos<\/strong><br>Una vez obtenidos los datos en la muestra piloto se proceder\u00e1 al an\u00e1lisis de resultados. Se trabajar\u00e1 con las t\u00e9cnicas de an\u00e1lisis de contenido\/discurso, an\u00e1lisis categorial, an\u00e1lisis hermen\u00e9utico y teor\u00eda fundamentada, de acuerdo al m\u00e9todo seleccionado. Se ver\u00e1n los alcances y limitaciones de la t\u00e9cnica seleccionada y se solventar\u00e1n los problemas que se presenten en el an\u00e1lisis.<br>Evaluaci\u00f3n<br>Una vez realizado el proceso en las 3 unidades con ensayos parciales calificados, se evaluar\u00e1 el producto final que consiste en la presentaci\u00f3n de los resultados de la investigaci\u00f3n piloto.<br>Todo el proceso ir\u00e1 acompa\u00f1ado de la retroalimentaci\u00f3n de la tutora y las correcciones necesarias hasta lograr el producto final.<\/p>\n\n\n\n<p><strong>UNIDAD 4: Que hacer con los datos<\/strong><br>En este \u00faltimo m\u00f3dulo mostraremos de manera generar algunas t\u00e9cnicas de an\u00e1lisis, como el An\u00e1lisis de contenido, an\u00e1lisis categorial y la Teor\u00eda fundamentada. Pensaremos c\u00f3mo es posible combinar t\u00e9cnicas de an\u00e1lisis de datos.<br>Finalmente, una vez finalizado el recorrido, pensaremos si la elecci\u00f3n cualitativa satisface nuestros intereses investigativos y daremos algunos tips o herramientas para pensar cuando es pertinente (y cuando no) acudir al abordaje cualitativo o combinar con el enfoque cuantitativo (opci\u00f3n actualmente permitida en investigaci\u00f3n)<\/p>\n\n\n\n<h3 class=\"wp-block-heading\">Proceso de inscripci\u00f3n<\/h3>\n\n\n\n<h4 class=\"wp-block-heading\"><strong><strong>Costo del curso: $ 59&nbsp; D\u00f3lares americanos&nbsp;\/ S\/. 236 soles<\/strong><\/strong><\/h4>\n\n\n\n<p><strong>Realice el pago del curso<\/strong>&nbsp;eligiendo una de las siguientes opciones:<\/p>\n\n\n\n<p><strong>1\u00b0 Opci\u00f3n:<\/strong>&nbsp;Por Paypal al correo&nbsp;<a rel=\"noreferrer noopener\" href=\"mailto:reddolac@gmail.com\" target=\"_blank\"><strong>reddolac@gmail.com<\/strong><\/a>&nbsp;o usando el v\u00ednculo:&nbsp;<a href=\"https:\/\/www.paypal.com\/paypalme\/reddolac\/59\" target=\"_blank\" rel=\"noreferrer noopener\">https:\/\/paypal.me\/reddolac\/59<\/a><\/p>\n\n\n\n<p><strong>2\u00b0 Opci\u00f3n:<\/strong>&nbsp; &nbsp;Pago seguro con Tarjeta de Cr\u00e9dito&nbsp; &nbsp;<a href=\"https:\/\/pagolink.niubiz.com.pe\/pagoseguro\/REDDOLAC\/905743\" target=\"_blank\" rel=\"noreferrer noopener\">https:\/\/pagolink.niubiz.com.pe\/pagoseguro\/REDDOLAC\/905743<\/a><\/p>\n\n\n\n<p><strong>3\u00b0 Opci\u00f3n:&nbsp;<\/strong>(Solo para PER\u00da \u2013 Banco de Cr\u00e9dito del Per\u00fa) .&nbsp;&nbsp;<\/p>\n\n\n\n<p><strong>PARA TRANSFERENCIAS ELECTR\u00d3NICAS:<\/strong><\/p>\n\n\n\n<pre class=\"wp-block-code\"><code><strong>-   Cuenta en d\u00f3lares: BCP \u2013 310-90373308-1-61  \n    CCI: 00231019037330816110  \n    Beneficiario: Instituto de Formaci\u00f3n Continua de RedDOLAC\n\n-   Cuenta en soles: BCP \u2013 310-02630806-0-72\n    CCI:  00231010263080607216- Beneficiario: Instituto de Formaci\u00f3n Continua de RedDOLAC\n\n   PARA DEP\u00d3SITOS POR VENTANILLA DEL BANCO O AGENTES:\n\n-   Cuenta en soles: BCP \u2013 310-13128789-0-94\n    CCI:  002-31011312878909413<\/strong><\/code><\/pre>\n\n\n\n<p>Luego de realizar el pago, ingrese a nuestro&nbsp;<a href=\"http:\/\/bit.ly\/2PfaSgK\" target=\"_blank\" rel=\"noreferrer noopener\"><strong>&nbsp; formulario de registro en l\u00ednea<\/strong><\/a>&nbsp; &nbsp;y siga las instrucciones que all\u00ed se detallan.<\/p>\n\n\n\n<div style=\"height:100px\" aria-hidden=\"true\" class=\"wp-block-spacer\"><\/div>\n\n\n\n<p class=\"has-very-light-gray-color has-vivid-green-cyan-background-color has-text-color has-background has-medium-font-size\"><strong>Solicita mayor informaci\u00f3n<\/strong><\/p>\n\n\n<div class=\"wpforms-container wpforms-container-full wpforms-block\" id=\"wpforms-665\"><form id=\"wpforms-form-665\" class=\"wpforms-validate wpforms-form\" data-formid=\"665\" method=\"post\" enctype=\"multipart\/form-data\" action=\"\/index.php?rest_route=%2Fwp%2Fv2%2Fpages%2F784\" data-token=\"37b84583f2b5395204e0ad5c1130456c\"><noscript class=\"wpforms-error-noscript\">Please enable JavaScript in your browser to complete this form.<\/noscript><div class=\"wpforms-field-container\"><div id=\"wpforms-665-field_0-container\" class=\"wpforms-field wpforms-field-name\" data-field-id=\"0\"><label class=\"wpforms-field-label\" for=\"wpforms-665-field_0\">Nombre y apellido <span class=\"wpforms-required-label\">*<\/span><\/label><input type=\"text\" id=\"wpforms-665-field_0\" class=\"wpforms-field-medium wpforms-field-required\" name=\"wpforms[fields][0]\" required><\/div><div id=\"wpforms-665-field_1-container\" class=\"wpforms-field wpforms-field-email\" data-field-id=\"1\"><label class=\"wpforms-field-label\" for=\"wpforms-665-field_1\">Correo electr\u00f3nico <span class=\"wpforms-required-label\">*<\/span><\/label><input type=\"email\" id=\"wpforms-665-field_1\" class=\"wpforms-field-medium wpforms-field-required\" name=\"wpforms[fields][1]\" spellcheck=\"false\" required><\/div><div id=\"wpforms-665-field_2-container\" class=\"wpforms-field wpforms-field-textarea\" data-field-id=\"2\"><label class=\"wpforms-field-label\" for=\"wpforms-665-field_2\">Mensaje <span class=\"wpforms-required-label\">*<\/span><\/label><textarea id=\"wpforms-665-field_2\" class=\"wpforms-field-medium wpforms-field-required\" name=\"wpforms[fields][2]\" required><\/textarea><\/div><\/div><!-- .wpforms-field-container --><div class=\"wpforms-field wpforms-field-hp\"><label for=\"wpforms-665-field-hp\" class=\"wpforms-field-label\">Phone<\/label><input type=\"text\" name=\"wpforms[hp]\" id=\"wpforms-665-field-hp\" class=\"wpforms-field-medium\"><\/div><div class=\"wpforms-submit-container\" ><input type=\"hidden\" name=\"wpforms[id]\" value=\"665\"><input type=\"hidden\" name=\"wpforms[author]\" value=\"1\"><button type=\"submit\" name=\"wpforms[submit]\" id=\"wpforms-submit-665\" class=\"wpforms-submit\" data-alt-text=\"Enviando...\" data-submit-text=\"Enviar solicitud\" aria-live=\"assertive\" value=\"wpforms-submit\">Enviar solicitud<\/button><\/div><\/form><\/div>  <!-- .wpforms-container -->","protected":false},"excerpt":{"rendered":"<p>Inicia el Lunes 08 de mayo 2023 Presentaci\u00f3n El curso de Metodolog\u00eda cualitativa 2, tiene como objetivo profundizar en las competencias de investigaci\u00f3n cualitativa b\u00e1sica, combinando contenidos te\u00f3ricos y estrategias pr\u00e1cticas, a trav\u00e9s de un seguimiento tutorizado de la investigaci\u00f3n propuesta. En este nivel, nos enfocaremos a aspectos particulares como la definici\u00f3n del paradigma cualitativo, [&hellip;]<\/p>\n","protected":false},"author":1,"featured_media":786,"parent":0,"menu_order":0,"comment_status":"open","ping_status":"closed","template":"","meta":{"_eb_attr":"","_uag_custom_page_level_css":"","ub_ctt_via":"","advgb_blocks_editor_width":"","advgb_blocks_columns_visual_guide":"","_joinchat":[],"footnotes":""},"featured_image_src":"https:\/\/ifcreddolac.org\/wp-content\/uploads\/2020\/01\/10-600x400.jpg","featured_image_src_square":"https:\/\/ifcreddolac.org\/wp-content\/uploads\/2020\/01\/10-600x480.jpg","uagb_featured_image_src":{"full":["https:\/\/ifcreddolac.org\/wp-content\/uploads\/2020\/01\/10.jpg",852,480,false],"thumbnail":["https:\/\/ifcreddolac.org\/wp-content\/uploads\/2020\/01\/10-150x150.jpg",150,150,true],"medium":["https:\/\/ifcreddolac.org\/wp-content\/uploads\/2020\/01\/10-300x169.jpg",300,169,true],"medium_large":["https:\/\/ifcreddolac.org\/wp-content\/uploads\/2020\/01\/10-768x433.jpg",768,433,true],"large":["https:\/\/ifcreddolac.org\/wp-content\/uploads\/2020\/01\/10.jpg",812,457,false],"1536x1536":["https:\/\/ifcreddolac.org\/wp-content\/uploads\/2020\/01\/10.jpg",852,480,false],"2048x2048":["https:\/\/ifcreddolac.org\/wp-content\/uploads\/2020\/01\/10.jpg",852,480,false],"ab-block-post-grid-landscape":["https:\/\/ifcreddolac.org\/wp-content\/uploads\/2020\/01\/10-600x400.jpg",600,400,true],"ab-block-post-grid-square":["https:\/\/ifcreddolac.org\/wp-content\/uploads\/2020\/01\/10-600x480.jpg",600,480,true]},"uagb_author_info":{"display_name":"admin","author_link":"https:\/\/ifcreddolac.org\/?author=1"},"uagb_comment_info":43,"uagb_excerpt":"Inicia el Lunes 08 de mayo 2023 Presentaci\u00f3n El curso de Metodolog\u00eda cualitativa 2, tiene como objetivo profundizar en las competencias de investigaci\u00f3n cualitativa b\u00e1sica, combinando contenidos te\u00f3ricos y estrategias pr\u00e1cticas, a trav\u00e9s de un seguimiento tutorizado de la investigaci\u00f3n propuesta. En este nivel, nos enfocaremos a aspectos particulares como la definici\u00f3n del paradigma cualitativo,&hellip;","coauthors":[],"author_meta":{"author_link":"https:\/\/ifcreddolac.org\/?author=1","display_name":"admin"},"relative_dates":{"created":"Posted 6 a\u00f1os ago","modified":"Updated 3 a\u00f1os ago"},"absolute_dates":{"created":"Posted on 10\/01\/2020","modified":"Updated on 19\/04\/2023"},"absolute_dates_time":{"created":"Posted on 10\/01\/2020 3:27 PM","modified":"Updated on 19\/04\/2023 10:58 AM"},"featured_img_caption":"","featured_img":"https:\/\/ifcreddolac.org\/wp-content\/uploads\/2020\/01\/10.jpg","series_order":"","_links":{"self":[{"href":"https:\/\/ifcreddolac.org\/index.php?rest_route=\/wp\/v2\/pages\/784"}],"collection":[{"href":"https:\/\/ifcreddolac.org\/index.php?rest_route=\/wp\/v2\/pages"}],"about":[{"href":"https:\/\/ifcreddolac.org\/index.php?rest_route=\/wp\/v2\/types\/page"}],"author":[{"embeddable":true,"href":"https:\/\/ifcreddolac.org\/index.php?rest_route=\/wp\/v2\/users\/1"}],"replies":[{"embeddable":true,"href":"https:\/\/ifcreddolac.org\/index.php?rest_route=%2Fwp%2Fv2%2Fcomments&post=784"}],"version-history":[{"count":24,"href":"https:\/\/ifcreddolac.org\/index.php?rest_route=\/wp\/v2\/pages\/784\/revisions"}],"predecessor-version":[{"id":1440,"href":"https:\/\/ifcreddolac.org\/index.php?rest_route=\/wp\/v2\/pages\/784\/revisions\/1440"}],"wp:featuredmedia":[{"embeddable":true,"href":"https:\/\/ifcreddolac.org\/index.php?rest_route=\/wp\/v2\/media\/786"}],"wp:attachment":[{"href":"https:\/\/ifcreddolac.org\/index.php?rest_route=%2Fwp%2Fv2%2Fmedia&parent=784"}],"curies":[{"name":"wp","href":"https:\/\/api.w.org\/{rel}","templated":true}]}}