{"id":921,"date":"2020-06-21T14:56:51","date_gmt":"2020-06-21T14:56:51","guid":{"rendered":"https:\/\/ifcreddolac.org\/?page_id=921"},"modified":"2020-06-24T21:26:42","modified_gmt":"2020-06-24T21:26:42","slug":"webinar-estrategias-comunicativas-para-la-docencia-en-la-primera-infancia","status":"publish","type":"page","link":"https:\/\/ifcreddolac.org\/?page_id=921","title":{"rendered":"Webinar: Estrategias comunicativas para la docencia en la Primera Infancia"},"content":{"rendered":"\n<div class=\"wp-block-image\"><figure class=\"alignleft size-large is-resized\"><img fetchpriority=\"high\" decoding=\"async\" src=\"https:\/\/ifcreddolac.org\/wp-content\/uploads\/2020\/06\/banner2-1024x683.jpg\" alt=\"\" class=\"wp-image-969\" width=\"1086\" height=\"724\" srcset=\"https:\/\/ifcreddolac.org\/wp-content\/uploads\/2020\/06\/banner2-1024x683.jpg 1024w, https:\/\/ifcreddolac.org\/wp-content\/uploads\/2020\/06\/banner2-300x200.jpg 300w, https:\/\/ifcreddolac.org\/wp-content\/uploads\/2020\/06\/banner2-768x512.jpg 768w, https:\/\/ifcreddolac.org\/wp-content\/uploads\/2020\/06\/banner2-600x400.jpg 600w, https:\/\/ifcreddolac.org\/wp-content\/uploads\/2020\/06\/banner2.jpg 1200w\" sizes=\"(max-width: 1086px) 100vw, 1086px\" \/><\/figure><\/div>\n\n\n\n<div style=\"height:30px\" aria-hidden=\"true\" class=\"wp-block-spacer\"><\/div>\n\n\n<div class=\"wp-block-ub-content-toggle\" id=\"ub-content-toggle-3aa5d73c-f231-4bc8-9bea-70a4c944fbab\" data-mobilecollapse=\"false\" data-desktopcollapse=\"false\">\n<div class=\"wp-block-ub-content-toggle-accordion\" id=\"ub-content-toggle-panel-block-\">\n                <div class=\"wp-block-ub-content-toggle-accordion-title-wrap\"\" aria-controls=\"ub-content-toggle-panel-0-3aa5d73c-f231-4bc8-9bea-70a4c944fbab\" tabindex=\"0\">\n                    <p class=\"wp-block-ub-content-toggle-accordion-title ub-content-toggle-title-3aa5d73c-f231-4bc8-9bea-70a4c944fbab\"><strong>Ponente<\/strong><\/p><div class=\"wp-block-ub-content-toggle-accordion-toggle-wrap right\"><span class=\"wp-block-ub-content-toggle-accordion-state-indicator wp-block-ub-chevron-down open\"><\/span>\n                    <\/div><\/div><div role=\"region\" aria-expanded=\"true\" class=\"wp-block-ub-content-toggle-accordion-content-wrap\" id=\"ub-content-toggle-panel-0-3aa5d73c-f231-4bc8-9bea-70a4c944fbab\">\n\n<p><strong>Ponente: <\/strong><\/p>\n\n\n\n<h4 class=\"wp-block-heading\">Dra. Lita Jim\u00e9nez L\u00f3pez <\/h4>\n\n\n\n<p>Doctora en educaci\u00f3n, docente de Educaci\u00f3n Inicial y Educaci\u00f3n Universitaria. Evaluadora externa con estudios en Educaci\u00f3n B\u00e1sica Especial con menci\u00f3n en disturbios de lenguaje y la audici\u00f3n. Especialista en estimulaci\u00f3n temprana y educaci\u00f3n psicomotriz.<\/p>\n\n<\/div><\/div>\n\n<div class=\"wp-block-ub-content-toggle-accordion\" id=\"ub-content-toggle-panel-block-\">\n                <div class=\"wp-block-ub-content-toggle-accordion-title-wrap\"\" aria-controls=\"ub-content-toggle-panel-1-3aa5d73c-f231-4bc8-9bea-70a4c944fbab\" tabindex=\"0\">\n                    <p class=\"wp-block-ub-content-toggle-accordion-title ub-content-toggle-title-3aa5d73c-f231-4bc8-9bea-70a4c944fbab\"><strong>Informaci\u00f3n b\u00e1sica<\/strong><\/p><div class=\"wp-block-ub-content-toggle-accordion-toggle-wrap right\"><span class=\"wp-block-ub-content-toggle-accordion-state-indicator wp-block-ub-chevron-down open\"><\/span>\n                    <\/div><\/div><div role=\"region\" aria-expanded=\"true\" class=\"wp-block-ub-content-toggle-accordion-content-wrap\" id=\"ub-content-toggle-panel-1-3aa5d73c-f231-4bc8-9bea-70a4c944fbab\">\n\n<p>Fecha: <strong>Viernes 10 de julio<\/strong><br>Hora: 08.00 p.m<br>Duraci\u00f3n: 02 horas<br>Sala de videoconferencias: Zoom<\/p>\n\n\n\n<p><strong>Ejes tem\u00e1ticos:<\/strong><\/p>\n\n\n\n<ul><li>Desarrollo de habilidades comunicativas en la primera infancia.<\/li><li>Estrategias para la animaci\u00f3n lectora<\/li><li>Estrategias para la expresi\u00f3n oral<\/li><li>Recursos para desarrollar habilidades comunicativas de manera remota<\/li><li>Los juegos verbales para desarrollar la expresi\u00f3n oral<\/li><li>Los juegos rimados y su importancia en el desarrollo de habilidades comunicativas<\/li><\/ul>\n\n\n\n<p><\/p>\n\n<\/div><\/div>\n\n<div class=\"wp-block-ub-content-toggle-accordion\" id=\"ub-content-toggle-panel-block-\">\n                <div class=\"wp-block-ub-content-toggle-accordion-title-wrap\"\" aria-controls=\"ub-content-toggle-panel-2-3aa5d73c-f231-4bc8-9bea-70a4c944fbab\" tabindex=\"0\">\n                    <p class=\"wp-block-ub-content-toggle-accordion-title ub-content-toggle-title-3aa5d73c-f231-4bc8-9bea-70a4c944fbab\"><strong>Inscripci\u00f3n y pago<\/strong><\/p><div class=\"wp-block-ub-content-toggle-accordion-toggle-wrap right\"><span class=\"wp-block-ub-content-toggle-accordion-state-indicator wp-block-ub-chevron-down open\"><\/span>\n                    <\/div><\/div><div role=\"region\" aria-expanded=\"true\" class=\"wp-block-ub-content-toggle-accordion-content-wrap\" id=\"ub-content-toggle-panel-2-3aa5d73c-f231-4bc8-9bea-70a4c944fbab\">\n\n<p>Certificado por participaci\u00f3n<br>Costo de participaci\u00f3n: $10 d\u00f3lares \/ S\/.35 soles<\/p>\n\n\n\n<p>Metodos de pago:<\/p>\n\n\n\n<p><strong>1\u00b0 Opci\u00f3n:&nbsp;<\/strong>Por Paypal al correo&nbsp;<a rel=\"noreferrer noopener\" href=\"mailto:reddolac@gmail.com\" target=\"_blank\">reddolac@gmail.com<\/a>&nbsp;o usando el v\u00ednculo:&nbsp;<a href=\"https:\/\/paypal.me\/reddolac\/10\">https:\/\/paypal.me\/reddolac\/10<\/a><\/p>\n\n\n\n<p><strong>2\u00b0 Opci\u00f3n:<\/strong>&nbsp; &nbsp;Pago seguro con Tarjeta de Cr\u00e9dito&nbsp; &nbsp;<a href=\"https:\/\/www.visanetlink.pe\/pagoseguro\/REDDOLAC\/240026\" target=\"_blank\" rel=\"noreferrer noopener\">https:\/\/www.visanetlink.pe\/pagoseguro\/REDDOLAC\/240026<\/a><\/p>\n\n\n\n<p><strong>3\u00b0 Opci\u00f3n:<\/strong>&nbsp;(Solo para PER\u00da \u2013 Banco de Cr\u00e9dito del Per\u00fa) .&nbsp;&nbsp;<\/p>\n\n\n\n<ul><li>Cuenta en soles: BCP \u2013 310-13128789-0-94<\/li><li>Cuenta en d\u00f3lares: BCP \u2013 310-90373308-1-61 \u2013&nbsp; Beneficiario: Instituto de Formaci\u00f3n Continua de RedDOLAC.<\/li><\/ul>\n\n\n\n<p><strong>Luego de realizar el pago<\/strong>, ingrese a nuestro&nbsp;<strong>&nbsp; <\/strong><a href=\"https:\/\/forms.gle\/2CjTdA5AwmtmaKQG8\"><strong>formulario de registro en l\u00ednea<\/strong>&nbsp;<\/a> &nbsp;y siga las instrucciones que all\u00ed se detallan. Este paso es obligatorio para formalizar la inscripci\u00f3n en cl curso.<\/p>\n\n<\/div><\/div>\n<\/div>\n\n\n<div style=\"height:30px\" aria-hidden=\"true\" class=\"wp-block-spacer\"><\/div>\n\n\n\n<h3 class=\"wp-block-heading\">Registre su pago<\/h3>\n\n\n\n<div style=\"height:20px\" aria-hidden=\"true\" class=\"wp-block-spacer\"><\/div>\n\n\n\n<div class=\"wp-block-advgb-button alignnone is-style-squared\"><a class=\"wp-block-advgb-button_link advgbbtn-143e920a-3718-4f1f-8e59-bc4256ebd4c4\" href=\"https:\/\/forms.gle\/2CjTdA5AwmtmaKQG8\" target=\"_blank\" rel=\"noopener noreferrer\">Inscripci\u00f3n en l\u00ednea<\/a><\/div>\n\n\n\n<p><\/p>\n<style class=\"advgb-styles-renderer\">.advgbbtn-143e920a-3718-4f1f-8e59-bc4256ebd4c4{font-size:18px;color:#fff !important;background-color:#2196f3 !important;margin:0px 0px 0px 0px !important;padding:10px 30px 10px 30px;border-width:1px !important;border-style:none;border-radius:50px !important;}.advgbbtn-143e920a-3718-4f1f-8e59-bc4256ebd4c4:hover{box-shadow:1px 1px 12px 0px #ccc;opacity:1;transition:all 0.2s ease;}.advgbbtn-143e920a-3718-4f1f-8e59-bc4256ebd4c4 > i {display: none !important;}<\/style>","protected":false},"excerpt":{"rendered":"<p>Registre su pago<\/p>\n","protected":false},"author":1,"featured_media":941,"parent":0,"menu_order":0,"comment_status":"closed","ping_status":"closed","template":"","meta":{"_eb_attr":"","_uag_custom_page_level_css":"","ub_ctt_via":"","advgb_blocks_editor_width":"","advgb_blocks_columns_visual_guide":"","_joinchat":[],"footnotes":""},"featured_image_src":"https:\/\/ifcreddolac.org\/wp-content\/uploads\/2020\/06\/EXIN-SIAM-Webinar-600x400.jpg","featured_image_src_square":"https:\/\/ifcreddolac.org\/wp-content\/uploads\/2020\/06\/EXIN-SIAM-Webinar-600x600.jpg","uagb_featured_image_src":{"full":["https:\/\/ifcreddolac.org\/wp-content\/uploads\/2020\/06\/EXIN-SIAM-Webinar-scaled.jpg",2560,1663,false],"thumbnail":["https:\/\/ifcreddolac.org\/wp-content\/uploads\/2020\/06\/EXIN-SIAM-Webinar-150x150.jpg",150,150,true],"medium":["https:\/\/ifcreddolac.org\/wp-content\/uploads\/2020\/06\/EXIN-SIAM-Webinar-300x195.jpg",300,195,true],"medium_large":["https:\/\/ifcreddolac.org\/wp-content\/uploads\/2020\/06\/EXIN-SIAM-Webinar-768x499.jpg",768,499,true],"large":["https:\/\/ifcreddolac.org\/wp-content\/uploads\/2020\/06\/EXIN-SIAM-Webinar-1024x665.jpg",812,527,true],"1536x1536":["https:\/\/ifcreddolac.org\/wp-content\/uploads\/2020\/06\/EXIN-SIAM-Webinar-1536x998.jpg",1536,998,true],"2048x2048":["https:\/\/ifcreddolac.org\/wp-content\/uploads\/2020\/06\/EXIN-SIAM-Webinar-2048x1330.jpg",2048,1330,true],"ab-block-post-grid-landscape":["https:\/\/ifcreddolac.org\/wp-content\/uploads\/2020\/06\/EXIN-SIAM-Webinar-600x400.jpg",600,400,true],"ab-block-post-grid-square":["https:\/\/ifcreddolac.org\/wp-content\/uploads\/2020\/06\/EXIN-SIAM-Webinar-600x600.jpg",600,600,true]},"uagb_author_info":{"display_name":"admin","author_link":"https:\/\/ifcreddolac.org\/?author=1"},"uagb_comment_info":0,"uagb_excerpt":"Registre su pago","coauthors":[],"author_meta":{"author_link":"https:\/\/ifcreddolac.org\/?author=1","display_name":"admin"},"relative_dates":{"created":"Posted 6 a\u00f1os ago","modified":"Updated 6 a\u00f1os ago"},"absolute_dates":{"created":"Posted on 21\/06\/2020","modified":"Updated on 24\/06\/2020"},"absolute_dates_time":{"created":"Posted on 21\/06\/2020 2:56 PM","modified":"Updated on 24\/06\/2020 9:26 PM"},"featured_img_caption":"WEBINAR hand on table Business, coffee, Split tone","featured_img":"https:\/\/ifcreddolac.org\/wp-content\/uploads\/2020\/06\/EXIN-SIAM-Webinar-scaled.jpg","series_order":"","_links":{"self":[{"href":"https:\/\/ifcreddolac.org\/index.php?rest_route=\/wp\/v2\/pages\/921"}],"collection":[{"href":"https:\/\/ifcreddolac.org\/index.php?rest_route=\/wp\/v2\/pages"}],"about":[{"href":"https:\/\/ifcreddolac.org\/index.php?rest_route=\/wp\/v2\/types\/page"}],"author":[{"embeddable":true,"href":"https:\/\/ifcreddolac.org\/index.php?rest_route=\/wp\/v2\/users\/1"}],"replies":[{"embeddable":true,"href":"https:\/\/ifcreddolac.org\/index.php?rest_route=%2Fwp%2Fv2%2Fcomments&post=921"}],"version-history":[{"count":23,"href":"https:\/\/ifcreddolac.org\/index.php?rest_route=\/wp\/v2\/pages\/921\/revisions"}],"predecessor-version":[{"id":973,"href":"https:\/\/ifcreddolac.org\/index.php?rest_route=\/wp\/v2\/pages\/921\/revisions\/973"}],"wp:featuredmedia":[{"embeddable":true,"href":"https:\/\/ifcreddolac.org\/index.php?rest_route=\/wp\/v2\/media\/941"}],"wp:attachment":[{"href":"https:\/\/ifcreddolac.org\/index.php?rest_route=%2Fwp%2Fv2%2Fmedia&parent=921"}],"curies":[{"name":"wp","href":"https:\/\/api.w.org\/{rel}","templated":true}]}}

<div class="wp-block-image"><figure class="alignleft size-large is-resized"><img fetchpriority="high" decoding="async" src="https://ifcreddolac.org/wp-content/uploads/2020/06/banner2-1024x683.jpg" alt="" class="wp-image-969" width="1086" height="724" srcset="https://ifcreddolac.org/wp-content/uploads/2020/06/banner2-1024x683.jpg 1024w, https://ifcreddolac.org/wp-content/uploads/2020/06/banner2-300x200.jpg 300w, https://ifcreddolac.org/wp-content/uploads/2020/06/banner2-768x512.jpg 768w, https://ifcreddolac.org/wp-content/uploads/2020/06/banner2-600x400.jpg 600w, https://ifcreddolac.org/wp-content/uploads/2020/06/banner2.jpg 1200w" sizes="(max-width: 1086px) 100vw, 1086px" /></figure></div>



<div style="height:30px" aria-hidden="true" class="wp-block-spacer"></div>


<div class="wp-block-ub-content-toggle" id="ub-content-toggle-3aa5d73c-f231-4bc8-9bea-70a4c944fbab" data-mobilecollapse="false" data-desktopcollapse="false">
<div class="wp-block-ub-content-toggle-accordion" id="ub-content-toggle-panel-block-">
                <div class="wp-block-ub-content-toggle-accordion-title-wrap"" aria-controls="ub-content-toggle-panel-0-3aa5d73c-f231-4bc8-9bea-70a4c944fbab" tabindex="0">
                    <p class="wp-block-ub-content-toggle-accordion-title ub-content-toggle-title-3aa5d73c-f231-4bc8-9bea-70a4c944fbab"><strong>Ponente</strong></p><div class="wp-block-ub-content-toggle-accordion-toggle-wrap right"><span class="wp-block-ub-content-toggle-accordion-state-indicator wp-block-ub-chevron-down open"></span>
                    </div></div><div role="region" aria-expanded="true" class="wp-block-ub-content-toggle-accordion-content-wrap" id="ub-content-toggle-panel-0-3aa5d73c-f231-4bc8-9bea-70a4c944fbab">

<p><strong>Ponente: </strong></p>



<h4 class="wp-block-heading">Dra. Lita Jiménez López </h4>



<p>Doctora en educación, docente de Educación Inicial y Educación Universitaria. Evaluadora externa con estudios en Educación Básica Especial con mención en disturbios de lenguaje y la audición. Especialista en estimulación temprana y educación psicomotriz.</p>

</div></div>

<div class="wp-block-ub-content-toggle-accordion" id="ub-content-toggle-panel-block-">
                <div class="wp-block-ub-content-toggle-accordion-title-wrap"" aria-controls="ub-content-toggle-panel-1-3aa5d73c-f231-4bc8-9bea-70a4c944fbab" tabindex="0">
                    <p class="wp-block-ub-content-toggle-accordion-title ub-content-toggle-title-3aa5d73c-f231-4bc8-9bea-70a4c944fbab"><strong>Información básica</strong></p><div class="wp-block-ub-content-toggle-accordion-toggle-wrap right"><span class="wp-block-ub-content-toggle-accordion-state-indicator wp-block-ub-chevron-down open"></span>
                    </div></div><div role="region" aria-expanded="true" class="wp-block-ub-content-toggle-accordion-content-wrap" id="ub-content-toggle-panel-1-3aa5d73c-f231-4bc8-9bea-70a4c944fbab">

<p>Fecha: <strong>Viernes 10 de julio</strong><br>Hora: 08.00 p.m<br>Duración: 02 horas<br>Sala de videoconferencias: Zoom</p>



<p><strong>Ejes temáticos:</strong></p>



<ul><li>Desarrollo de habilidades comunicativas en la primera infancia.</li><li>Estrategias para la animación lectora</li><li>Estrategias para la expresión oral</li><li>Recursos para desarrollar habilidades comunicativas de manera remota</li><li>Los juegos verbales para desarrollar la expresión oral</li><li>Los juegos rimados y su importancia en el desarrollo de habilidades comunicativas</li></ul>



<p></p>

</div></div>

<div class="wp-block-ub-content-toggle-accordion" id="ub-content-toggle-panel-block-">
                <div class="wp-block-ub-content-toggle-accordion-title-wrap"" aria-controls="ub-content-toggle-panel-2-3aa5d73c-f231-4bc8-9bea-70a4c944fbab" tabindex="0">
                    <p class="wp-block-ub-content-toggle-accordion-title ub-content-toggle-title-3aa5d73c-f231-4bc8-9bea-70a4c944fbab"><strong>Inscripción y pago</strong></p><div class="wp-block-ub-content-toggle-accordion-toggle-wrap right"><span class="wp-block-ub-content-toggle-accordion-state-indicator wp-block-ub-chevron-down open"></span>
                    </div></div><div role="region" aria-expanded="true" class="wp-block-ub-content-toggle-accordion-content-wrap" id="ub-content-toggle-panel-2-3aa5d73c-f231-4bc8-9bea-70a4c944fbab">

<p>Certificado por participación<br>Costo de participación: $10 dólares / S/.35 soles</p>



<p>Metodos de pago:</p>



<p><strong>1° Opción:&nbsp;</strong>Por Paypal al correo&nbsp;<a rel="noreferrer noopener" href="mailto:reddolac@gmail.com" target="_blank">reddolac@gmail.com</a>&nbsp;o usando el vínculo:&nbsp;<a href="https://paypal.me/reddolac/10">https://paypal.me/reddolac/10</a></p>



<p><strong>2° Opción:</strong>&nbsp; &nbsp;Pago seguro con Tarjeta de Crédito&nbsp; &nbsp;<a href="https://www.visanetlink.pe/pagoseguro/REDDOLAC/240026" target="_blank" rel="noreferrer noopener">https://www.visanetlink.pe/pagoseguro/REDDOLAC/240026</a></p>



<p><strong>3° Opción:</strong>&nbsp;(Solo para PERÚ – Banco de Crédito del Perú) .&nbsp;&nbsp;</p>



<ul><li>Cuenta en soles: BCP – 310-13128789-0-94</li><li>Cuenta en dólares: BCP – 310-90373308-1-61 –&nbsp; Beneficiario: Instituto de Formación Continua de RedDOLAC.</li></ul>



<p><strong>Luego de realizar el pago</strong>, ingrese a nuestro&nbsp;<strong>&nbsp; </strong><a href="https://forms.gle/2CjTdA5AwmtmaKQG8"><strong>formulario de registro en línea</strong>&nbsp;</a> &nbsp;y siga las instrucciones que allí se detallan. Este paso es obligatorio para formalizar la inscripción en cl curso.</p>

</div></div>
</div>


<div style="height:30px" aria-hidden="true" class="wp-block-spacer"></div>



<h3 class="wp-block-heading">Registre su pago</h3>



<div style="height:20px" aria-hidden="true" class="wp-block-spacer"></div>



<div class="wp-block-advgb-button alignnone is-style-squared"><a class="wp-block-advgb-button_link advgbbtn-143e920a-3718-4f1f-8e59-bc4256ebd4c4" href="https://forms.gle/2CjTdA5AwmtmaKQG8" target="_blank" rel="noopener noreferrer">Inscripción en línea</a></div>



<p></p>
<style class="advgb-styles-renderer">.advgbbtn-143e920a-3718-4f1f-8e59-bc4256ebd4c4{font-size:18px;color:#fff !important;background-color:#2196f3 !important;margin:0px 0px 0px 0px !important;padding:10px 30px 10px 30px;border-width:1px !important;border-style:none;border-radius:50px !important;}.advgbbtn-143e920a-3718-4f1f-8e59-bc4256ebd4c4:hover{box-shadow:1px 1px 12px 0px #ccc;opacity:1;transition:all 0.2s ease;}.advgbbtn-143e920a-3718-4f1f-8e59-bc4256ebd4c4 > i {display: none !important;}</style>

Posted 6 años ago

Updated 6 años ago
